 = -182. What is the remainder when 115 is divided by h?
22
Let l = -96 - -91. What is the remainder when 56/70 - 371/l is divided by 11?
9
Let l(p) = -p**3 + p**2. Let h(b) = -6*b**3 - 10*b**2 + 15*b - 12. Let c(x) = h(x) - 5*l(x). What is the remainder when 9 is divided by c(-16)?
1
Suppose -41*q + 36*q + 630 = 0. Calculate the remainder when q is divided by 68.
58
Suppose d = -0*d - 2, -4*b + 272 = -4*d. What is the remainder when 21 is divided by 3/(-5) + (0 - b/(-10))?
3
Suppose 0 = 4*k - 20 + 24. Calculate the remainder when ((-609)/21)/(k/3) is divided by 11.
10
Let u = 361 - 63. Let w = u + -209. What is the remainder when w is divided by 15?
14
Let r(l) = -2*l**3 + 28*l**2 - 58*l + 9. What is the remainder when r(4) is divided by (-3)/2*-2*11?
31
What is the remainder when 4488/(-8 + 20) + -9 is divided by 50?
15
Let i be ((-10)/(-2) - 12/3)*-1. What is the remainder when 44/4*(i + 18) is divided by 48?
43
Suppose 4*k = r - 43, k = -3*k - 16. What is the remainder when 294 is divided by r?
24
What is the remainder when (-192)/(-2) + (-4)/(-13 - -11) is divided by 5?
3
Let w(o) = -9*o - 3. Suppose -5*b = -3*l - 898, -2 = 3*l + 1. Calculate the remainder when b is divided by w(-2).
14
Let r(w) be the second derivative of -w**3 - 9*w**2/2 + 8*w. Let t be r(5). What is the remainder when 5 is divided by (-2)/(-13) + (-111)/t?
2
Suppose -88 + 34 = -f. Let i = f + -29. What is the remainder when i is divided by 9?
7
Let s(m) = -m**3 - 6*m**2 + 12*m - 9. Calculate the remainder when s(-8) is divided by 3.
2
Let i = 305 + -292. Calculate the remainder when 116 is divided by i.
12
Let l = -2189 + 2221. What is the remainder when 798 is divided by l?
30
Let t be ((-2)/4)/(11/374). Suppose -2*h + 34 = -3*h. Let c = t - h. Calculate the remainder when 48 is divided by c.
14
Let g = -329 + 339. What is the remainder when 45 is divided by g?
5
Suppose -9 = -4*f - v, 4*f = -8*v + 3*v + 29. Suppose 0 = y - 11 - f. What is the remainder when 27 is divided by y*(3 - (-15)/(-6))?
3
Let o(k) = k**2 + 3*k - 109. Calculate the remainder when o(-24) is divided by 10.
5
Let q = -127 + 180. Suppose 2*o = 2*n + 30, n - 11 = 4*o - 68. Calculate the remainder when q is divided by o.
11
Suppose -5*f = -155 - 100. Suppose 3*q - 4*h - 46 = 21, 2*q + 3*h = 56. Calculate the remainder when f is divided by (-3)/(-6) + q/2.
12
Suppose -65*h - 330 = -68*h. Suppose 8*n = 13*n - h. What is the remainder when 63 is divided by n?
19
Suppose 9 = 4*c + 5*d - 118, d = -c + 33. Suppose 3*n = 4 + c. Let k(x) = -5*x**3 + 2*x**2 - 11*x - 31. What is the remainder when k(-2) is divided by n?
11
Suppose -m - 5 = 0, -2*m + 1 = -2*y - 3. Let v(q) = -q**3 - 7*q**2 + 6. Calculate the remainder when 29 is divided by v(y).
5
Suppose -86 = -8*i + 90. Let x = i + -2. Suppose 5*y - 198 = q, -8*q - 129 = -3*y - 4*q. Calculate the remainder when y is divided by x.
19
Let c(w) = 3*w + w**2 - 6 + 2 + 5. Let l be c(5). Suppose 3*y + 6 - l = -5*m, 0 = 5*y - 25. Calculate the remainder when 11 is divided by m.
3
Suppose -4*q - 738 = -3*p - 89, 3*q = -2*p + 427. Calculate the remainder when p is divided by 102.
11
Let v(f) = 2*f**2 + 19*f - 5. Let t be v(-10). Suppose -t*j = -17 - 18. What is the remainder when 13 is divided by j?
6
What is the remainder when (310/(-6) + 1)/(26/(-39)) is divided by 7?
6
Let y(s) be the second derivative of -s**5/20 + s**4/12 + 5*s**3/6 + 5*s**2/2 + 10*s. What is the remainder when y(-2) is divided by 4?
3
Let f = -2747 + 2763. Let r = 4 + -7. Calculate the remainder when f is divided by (-6)/((-4)/(-18)*r).
7
Suppose 51*b + 18392 = 172*b. What is the remainder when b is divided by 47?
11
Let d = 1 + 5. Let m be 179/6 - (-1)/d. Suppose -8*z - m = -10*z. Calculate the remainder when 73 is divided by z.
13
Let g(y) = y**2 + 3. Suppose 0*o = 14*o - 266. Calculate the remainder when o is divided by g(-3).
7
Suppose -a - w - 4 = 2*w, 5*a = 2*w + 65. Suppose -3*q + 5*y = -66 + 21, 5*q = -y + 103. Calculate the remainder when q is divided by a.
9
What is the remainder when (-210)/(-9 + -1)*11 is divided by 26?
23
What is the remainder when 349 is divided by 5*-4*(-374)/85?
85
What is the remainder when 54 is divided by 1316/44 + (-3)/(-33)?
24
Suppose -26*o = 24 - 154. What is the remainder when 63 is divided by o?
3
Suppose 2*s = -3*c + 319, c + 5*s + 2 = 117. What is the remainder when c is divided by 11?
6
Suppose 6*m - m = 0. Suppose -7*o + 3*o = m. Let s(z) = 2*z**2 - z + 3. What is the remainder when 7 is divided by s(o)?
1
Let b be 5*((-12)/(-14))/((-1)/7). Calculate the remainder when ((-2)/5)/(1/b) is divided by 4.
0
Suppose -3*a + y = -16, 1 - 4 = -a - 2*y. Suppose 5*z - 34 = 2*d - 3*d, -a*d + 4*z = -54. What is the remainder when (12 - -1)*(0 - -3) is divided by d?
11
Let d(t) = -t**3 - 10*t**2 - 19*t + 1. Suppose -1 = 5*k + 39. Let r = 72 - -26. What is the remainder when r is divided by d(k)?
23
Suppose 4*o - 32*s + 28*s - 1064 = 0, 5*o - 2*s = 1321. Calculate the remainder when o is divided by 12.
11
Let a(z) = z**2 + 9*z + 12. Calculate the remainder when a(-19) is divided by 12.
10
Let o(l) be the first derivative of 2*l + 2/3*l**3 + 3/2*l**2 + 1. What is the remainder when 21 is divided by o(-3)?
10
Suppose 2*k + 3*k = 3*s - 49, -s + 3*k + 11 = 0. What is the remainder when 90 is divided by s?
21
Let f(p) = 87*p**2 - p - 4. Calculate the remainder when f(3) is divided by 19.
16
Suppose i = -0*i + 11. Let y(b) = -6*b**2 + 3*b + 4. Let t be y(-3). Let d = -27 - t. Calculate the remainder when d is divided by i.
10
Suppose 0 = -3*c + 349 - 133. Suppose 0*k - 3*k + c = 0. Suppose -23*g = -27*g + 188. What is the remainder when g is divided by k?
23
Suppose 5*h = 2*d + 3*d + 425, -3*d + 105 = h. Calculate the remainder when h is divided by 32.
26
Let f = -169 + 183. What is the remainder when 24 is divided by f?
10
Let y = -31 - -46. What is the remainder when (-26)/(-8)*120/15 is divided by 14 + y/5 + -7?
6
Suppose -4*f - 2*v + 446 = 0, -3*f - 2*f + 562 = 4*v. Let n = f - 98. What is the remainder when n is divided by 5?
2
Suppose 410 = -346*t + 356*t. What is the remainder when t is divided by 14?
13
Suppose 312 + 1596 = 18*z. What is the remainder when z is divided by 21?
1
Let o = 31 - -77. What is the remainder when o is divided by 11?
9
Let f(b) = -4 - 9*b - 8 + 7*b. Suppose -7*u + 6 = -15. Calculate the remainder when f(-10) is divided by u.
2
Suppose 0 = -2*r + 10, -44*v + 19 = -42*v - r. Calculate the remainder when 151 is divided by v.
7
Let h(b) = -b**3 + 7*b**2 + 7*b - 10. What is the remainder when h(7) is divided by 2?
1
Suppose 4*n + 37 = 5*i - 1, n + 14 = 2*i. Suppose -23 = 4*k - a - 166, 2*k + 5*a - 55 = 0. What is the remainder when k is divided by i*6/(-4)*-1?
8
Suppose 21*h - 24*h = 15. Calculate the remainder when ((-520)/h - -2)/2 is divided by 18.
17
Let t(q) = q**3 - 5*q**2 + 8*q - q**2 - 21 - 2*q**2 + 16. Suppose 5*l - 13 = 22. Calculate the remainder when 3 is divided by t(l).
1
Suppose 6*q = 3*q + 18. Let c(h) = -h**2 + 8*h + 1. Let b(p) = 2*p**2 - 3*p - 4. Calculate the remainder when b(6) is divided by c(q).
11
Let t = -1 + 6. Suppose -z - 12 = -3*h, z = -h - 2*z + 14. Suppose 0 = -3*l + t*v + 188, -h*l = -2*v - 2*v - 335. What is the remainder when l is divided by 24?
23
Let v = 65 - 61. Suppose v*l - 20 = 0, u + 2*l = 3*l + 2. Calculate the remainder when 11 is divided by u.
4
Let w(f) = -f**2 - 3*f - 2. Let v(o) = -2*o**2 - 2*o + 1. Let z be v(-2). Let d be w(z). What is the remainder when 13 is divided by (-88)/(-33)*(-6)/d?
5
Let p = 123 + -254. Suppose 50 = 8*j - 3*j. What is the remainder when 6/21 - p/7 is divided by j?
9
Let u = 49 + -21. Calculate the remainder when u is divided by 28.
0
Suppose 4*c + c = 200. Suppose -3*y - 2*y - c = -3*n, 4*y = 2*n - 30. What is the remainder when 20 is divided by (y - -5) + 7 + 0?
6
Let g = 45 + -26. Let c = g + -13. Suppose -102 = -5*o + k, -3*o - 5*k - c = -4*o. What is the remainder when o is divided by 6?
3
What is the remainder when 278 is divided by (-2068)/(-47)*(-5)/(-4)?
3
Let t(j) = 2*j - 2*j + 3*j - 7 + 0*j. Let l be t(3). What is the remainder when 55 is divided by 13 - (l - (0 + 3))?
13
Suppose 3*v - 18*v = 0. Suppose -4*f - 5*a + 78 = v, 0 = 14*f - 11*f + a - 64. Calcu